{"id":31,"date":"2025-12-05T03:08:32","date_gmt":"2025-12-05T03:08:32","guid":{"rendered":"http:\/\/progreek.io.vn\/?page_id=31"},"modified":"2025-12-20T01:28:39","modified_gmt":"2025-12-20T01:28:39","slug":"project-details","status":"publish","type":"page","link":"https:\/\/progreek.io.vn\/index.php\/project-details\/","title":{"rendered":"About Us"},"content":{"rendered":"\n<div class=\"wp-block-cover\" style=\"min-height:453px;aspect-ratio:unset;\"><img loading=\"lazy\" decoding=\"async\" width=\"693\" height=\"588\" class=\"wp-block-cover__image-background wp-image-319 size-full\" alt=\"\" src=\"http:\/\/progreek.io.vn\/wp-content\/uploads\/2025\/12\/Screenshot-2025-12-17-155938-2.png\" data-object-fit=\"cover\" srcset=\"https:\/\/progreek.io.vn\/wp-content\/uploads\/2025\/12\/Screenshot-2025-12-17-155938-2.png 693w, https:\/\/progreek.io.vn\/wp-content\/uploads\/2025\/12\/Screenshot-2025-12-17-155938-2-300x255.png 300w, https:\/\/progreek.io.vn\/wp-content\/uploads\/2025\/12\/Screenshot-2025-12-17-155938-2-600x509.png 600w\" sizes=\"auto, (max-width: 693px) 100vw, 693px\" \/><span aria-hidden=\"true\" class=\"wp-block-cover__background has-background-dim\" style=\"background-color:#6d6157\"><\/span><div class=\"wp-block-cover__inner-container is-layout-constrained wp-block-cover-is-layout-constrained\">\n<p class=\"has-text-align-center has-large-font-size\">About Us<\/p>\n\n\n\n<p>ProGreek l\u00e0 th\u01b0\u01a1ng hi\u1ec7u s\u1eefa chua Hy L\u1ea1p theo \u0111u\u1ed5i tri\u1ebft l\u00fd t\u1ed1i gi\u1ea3n \u2013 tinh khi\u1ebft \u2013 ch\u1ea5t l\u01b0\u1ee3ng. Ch\u00fang t\u00f4i tin r\u1eb1ng m\u1ed9t s\u1ea3n ph\u1ea9m t\u1ed1t kh\u00f4ng c\u1ea7n ph\u1ee9c t\u1ea1p, ch\u1ec9 c\u1ea7n \u0111\u00fang b\u1ea3n ch\u1ea5t: nguy\u00ean li\u1ec7u t\u1ef1 nhi\u00ean, quy tr\u00ecnh chu\u1ea9n m\u1ef1c v\u00e0 gi\u00e1 tr\u1ecb dinh d\u01b0\u1ee1ng th\u1eadt s\u1ef1.<\/p>\n<\/div><\/div>\n\n\n\n<hr class=\"wp-block-separator has-alpha-channel-opacity\"\/>\n\n\n\n<p class=\"has-text-align-center has-medium-font-size\"><strong>\u00dd ngh\u0129a th\u01b0\u01a1ng hi\u1ec7u<\/strong><\/p>\n\n\n\n<div class=\"wp-block-columns is-layout-flex wp-container-core-columns-is-layout-9d6595d7 wp-block-columns-is-layout-flex\">\n<div class=\"wp-block-column is-vertically-aligned-center is-layout-flow wp-block-column-is-layout-flow\" style=\"flex-basis:100%\">\n<div class=\"wp-block-group is-nowrap is-layout-flex wp-container-core-group-is-layout-ad2f72ca wp-block-group-is-layout-flex\">\n<div class=\"wp-block-columns is-layout-flex wp-container-core-columns-is-layout-9d6595d7 wp-block-columns-is-layout-flex\">\n<div class=\"wp-block-column is-layout-flow wp-block-column-is-layout-flow\" style=\"flex-basis:60%\">\n<figure class=\"wp-block-image aligncenter wp-duotone-unset-1\"><img loading=\"lazy\" decoding=\"async\" width=\"1024\" height=\"665\" src=\"http:\/\/progreek.io.vn\/wp-content\/uploads\/2025\/12\/Screenshot-2025-12-17-154432-1-1024x665.png\" alt=\"\" class=\"wp-image-281\" srcset=\"https:\/\/progreek.io.vn\/wp-content\/uploads\/2025\/12\/Screenshot-2025-12-17-154432-1-1024x665.png 1024w, https:\/\/progreek.io.vn\/wp-content\/uploads\/2025\/12\/Screenshot-2025-12-17-154432-1-300x195.png 300w, https:\/\/progreek.io.vn\/wp-content\/uploads\/2025\/12\/Screenshot-2025-12-17-154432-1-768x499.png 768w, https:\/\/progreek.io.vn\/wp-content\/uploads\/2025\/12\/Screenshot-2025-12-17-154432-1-600x389.png 600w, https:\/\/progreek.io.vn\/wp-content\/uploads\/2025\/12\/Screenshot-2025-12-17-154432-1.png 1043w\" sizes=\"auto, (max-width: 1024px) 100vw, 1024px\" \/><\/figure>\n<\/div>\n\n\n\n<div class=\"wp-block-column is-layout-flow wp-block-column-is-layout-flow\" style=\"flex-basis:50%\">\n<p class=\"has-text-align-left\">Th\u01b0\u01a1ng hi\u1ec7u c\u1ee7a ch\u00fang t\u00f4i \u0111\u1ea1i di\u1ec7n cho s\u1ef1 t\u1ed1i gi\u1ea3n nh\u01b0ng ch\u1ea5t l\u01b0\u1ee3ng, t\u1eadp trung v\u00e0o nh\u1eefng gi\u00e1 tr\u1ecb c\u1ed1t l\u00f5i thay v\u00ec ph\u1ee9c t\u1ea1p h\u00f3a s\u1ea3n ph\u1ea9m. M\u1ed7i h\u0169 s\u1eefa chua Hy L\u1ea1p l\u00e0 s\u1ef1 k\u1ebft tinh c\u1ee7a nguy\u00ean li\u1ec7u t\u1ef1 nhi\u00ean thu\u1ea7n khi\u1ebft, gi\u00e1 tr\u1ecb dinh d\u01b0\u1ee1ng th\u1ef1c v\u1edbi h\u00e0m l\u01b0\u1ee3ng protein cao v\u00e0 l\u1ee3i khu\u1ea9n t\u1ed1t cho h\u1ec7 ti\u00eau h\u00f3a, \u0111\u1ed3ng th\u1eddi h\u01b0\u1edbng \u0111\u1ebfn t\u00ednh b\u1ec1n v\u1eefng th\u00f4ng qua nh\u1eefng l\u1ef1a ch\u1ecdn c\u00f3 l\u1ee3i cho s\u1ee9c kh\u1ecfe v\u00e0 c\u1ed9ng \u0111\u1ed3ng.<\/p>\n<\/div>\n<\/div>\n<\/div>\n<\/div>\n<\/div>\n\n\n\n<div class=\"wp-block-media-text has-media-on-the-right is-stacked-on-mobile\" style=\"grid-template-columns:auto 47%\"><div class=\"wp-block-media-text__content\">\n<p>Ch\u00fang t\u00f4i cam k\u1ebft \u0111\u1eb7t ch\u1ea5t l\u01b0\u1ee3ng l\u00ean h\u00e0ng \u0111\u1ea7u trong m\u1ecdi ho\u1ea1t \u0111\u1ed9ng, t\u1eeb vi\u1ec7c l\u1ef1a ch\u1ecdn nguy\u00ean li\u1ec7u \u0111\u1ea7u v\u00e0o \u0111\u1ebfn quy tr\u00ecnh s\u1ea3n xu\u1ea5t, nh\u1eb1m \u0111\u1ea3m b\u1ea3o m\u1ed7i s\u1ea3n ph\u1ea9m \u0111\u1ec1u an to\u00e0n, t\u01b0\u01a1i m\u1edbi v\u00e0 gi\u00e0u gi\u00e1 tr\u1ecb dinh d\u01b0\u1ee1ng. B\u00ean c\u1ea1nh \u0111\u00f3, ch\u00fang t\u00f4i lu\u00f4n \u0111\u1ec1 cao s\u1ef1 minh b\u1ea1ch v\u00e0 trung th\u1ef1c, n\u00f3i r\u00f5 nh\u1eefng g\u00ec s\u1ea3n ph\u1ea9m c\u00f3 v\u00e0 kh\u00f4ng c\u00f3, kh\u00f4ng ph\u00f3ng \u0111\u1ea1i c\u00f4ng d\u1ee5ng hay \u0111\u00e1nh \u0111\u1ed5i s\u1ee9c kh\u1ecfe ng\u01b0\u1eddi ti\u00eau d\u00f9ng v\u00ec l\u1ee3i nhu\u1eadn ng\u1eafn h\u1ea1n. Th\u01b0\u01a1ng hi\u1ec7u h\u01b0\u1edbng \u0111\u1ebfn vi\u1ec7c x\u00e2y d\u1ef1ng gi\u00e1 tr\u1ecb s\u1ee9c kh\u1ecfe b\u1ec1n v\u1eefng, ph\u00e1t tri\u1ec3n s\u1ea3n ph\u1ea9m ph\u00f9 h\u1ee3p v\u1edbi th\u00f3i quen \u0103n u\u1ed1ng l\u00e0nh m\u1ea1nh l\u00e2u d\u00e0i thay v\u00ec ch\u1ea1y theo nh\u1eefng xu h\u01b0\u1edbng nh\u1ea5t th\u1eddi. \u0110\u1ed3ng th\u1eddi, ch\u00fang t\u00f4i lu\u00f4n l\u1eafng nghe v\u00e0 tr\u00e2n tr\u1ecdng m\u1ecdi ph\u1ea3n h\u1ed3i t\u1eeb kh\u00e1ch h\u00e0ng \u0111\u1ec3 kh\u00f4ng ng\u1eebng c\u1ea3i ti\u1ebfn s\u1ea3n ph\u1ea9m, d\u1ecbch v\u1ee5 v\u00e0 tr\u1ea3i nghi\u1ec7m th\u01b0\u01a1ng hi\u1ec7u m\u1ed7i ng\u00e0y, v\u1edbi m\u1ee5c ti\u00eau mang l\u1ea1i gi\u00e1 tr\u1ecb t\u1ed1t nh\u1ea5t cho c\u1ed9ng \u0111\u1ed3ng.<\/p>\n<\/div><figure class=\"wp-block-media-text__media\"><img loading=\"lazy\" decoding=\"async\" width=\"303\" height=\"295\" src=\"http:\/\/progreek.io.vn\/wp-content\/uploads\/2025\/12\/Screenshot-2025-12-13-101133-4.png\" alt=\"\" class=\"wp-image-300 size-full\" srcset=\"https:\/\/progreek.io.vn\/wp-content\/uploads\/2025\/12\/Screenshot-2025-12-13-101133-4.png 303w, https:\/\/progreek.io.vn\/wp-content\/uploads\/2025\/12\/Screenshot-2025-12-13-101133-4-300x292.png 300w\" sizes=\"auto, (max-width: 303px) 100vw, 303px\" \/><\/figure><\/div>\n\n\n\n<hr class=\"wp-block-separator has-alpha-channel-opacity\"\/>\n\n\n\n<p class=\"has-text-align-center has-medium-font-size\"><strong>L\u1ee3i \u00edch c\u1ee7a s\u1eefa chua Hy L\u1ea1p \u0111\u1ed1i v\u1edbi s\u1ee9c kh\u1ecfe<\/strong><\/p>\n\n\n\n<figure class=\"wp-block-image aligncenter size-full is-resized\"><img loading=\"lazy\" decoding=\"async\" width=\"670\" height=\"239\" src=\"https:\/\/progreek.io.vn\/wp-content\/uploads\/2025\/12\/Screenshot-2025-12-18-221229.png\" alt=\"\" class=\"wp-image-362\" style=\"aspect-ratio:2.8035305655442957;width:743px;height:auto\" srcset=\"https:\/\/progreek.io.vn\/wp-content\/uploads\/2025\/12\/Screenshot-2025-12-18-221229.png 670w, https:\/\/progreek.io.vn\/wp-content\/uploads\/2025\/12\/Screenshot-2025-12-18-221229-300x107.png 300w, https:\/\/progreek.io.vn\/wp-content\/uploads\/2025\/12\/Screenshot-2025-12-18-221229-600x214.png 600w\" sizes=\"auto, (max-width: 670px) 100vw, 670px\" \/><\/figure>\n\n\n\n<h3 class=\"wp-block-heading\">1. Gi\u00e0u protein, gi\u00fap no l\u00e2u<\/h3>\n\n\n\n<p>S\u1eefa chua Hy L\u1ea1p c\u00f3 h\u00e0m l\u01b0\u1ee3ng protein cao h\u01a1n s\u1eefa chua th\u00f4ng th\u01b0\u1eddng, gi\u00fap duy tr\u00ec c\u1ea3m gi\u00e1c no l\u00e2u, h\u1ed7 tr\u1ee3 ki\u1ec3m so\u00e1t c\u00e2n n\u1eb7ng v\u00e0 ph\u00f9 h\u1ee3p v\u1edbi ch\u1ebf \u0111\u1ed9 \u0103n l\u00e0nh m\u1ea1nh.<\/p>\n\n\n\n<h3 class=\"wp-block-heading\">2. H\u1ed7 tr\u1ee3 ti\u00eau h\u00f3a kh\u1ecfe m\u1ea1nh<\/h3>\n\n\n\n<p>Men vi sinh t\u1ef1 nhi\u00ean trong s\u1eefa chua Hy L\u1ea1p gi\u00fap c\u00e2n b\u1eb1ng h\u1ec7 vi sinh \u0111\u01b0\u1eddng ru\u1ed9t, c\u1ea3i thi\u1ec7n ti\u00eau h\u00f3a v\u00e0 t\u0103ng kh\u1ea3 n\u0103ng h\u1ea5p thu d\u01b0\u1ee1ng ch\u1ea5t.<\/p>\n\n\n\n<h3 class=\"wp-block-heading\">3. \u00cdt \u0111\u01b0\u1eddng, ph\u00f9 h\u1ee3p nhi\u1ec1u ch\u1ebf \u0111\u1ed9 \u0103n<\/h3>\n\n\n\n<p>Nh\u1edd quy tr\u00ecnh l\u1ecdc t\u1ef1 nhi\u00ean, s\u1eefa chua Hy L\u1ea1p c\u00f3 h\u00e0m l\u01b0\u1ee3ng \u0111\u01b0\u1eddng v\u00e0 lactose th\u1ea5p h\u01a1n, ph\u00f9 h\u1ee3p v\u1edbi ng\u01b0\u1eddi \u0103n ki\u00eang, eat-clean ho\u1eb7c h\u1ea1n ch\u1ebf \u0111\u01b0\u1eddng.<\/p>\n\n\n\n<h3 class=\"wp-block-heading\">4. B\u1ed5 sung canxi v\u00e0 d\u01b0\u1ee1ng ch\u1ea5t thi\u1ebft y\u1ebfu<\/h3>\n\n\n\n<p>S\u1eefa chua Hy L\u1ea1p cung c\u1ea5p canxi, vitamin v\u00e0 kho\u00e1ng ch\u1ea5t c\u1ea7n thi\u1ebft, h\u1ed7 tr\u1ee3 x\u01b0\u01a1ng v\u00e0 r\u0103ng ch\u1eafc kh\u1ecfe, \u0111\u1ed3ng th\u1eddi g\u00f3p ph\u1ea7n duy tr\u00ec n\u0103ng l\u01b0\u1ee3ng m\u1ed7i ng\u00e0y.<\/p>\n\n\n\n<h3 class=\"wp-block-heading\">5. T\u1ed1t cho l\u1ed1i s\u1ed1ng n\u0103ng \u0111\u1ed9ng<\/h3>\n\n\n\n<p>V\u1edbi gi\u00e1 tr\u1ecb dinh d\u01b0\u1ee1ng cao v\u00e0 k\u1ebft c\u1ea5u \u0111\u1eb7c m\u1ecbn t\u1ef1 nhi\u00ean, s\u1eefa chua Hy L\u1ea1p l\u00e0 l\u1ef1a ch\u1ecdn ti\u1ec7n l\u1ee3i cho b\u1eefa s\u00e1ng, b\u1eefa ph\u1ee5 ho\u1eb7c sau khi t\u1eadp luy\u1ec7n.<\/p>\n","protected":false},"excerpt":{"rendered":"<p>\u00dd ngh\u0129a th\u01b0\u01a1ng hi\u1ec7u Th\u01b0\u01a1ng hi\u1ec7u c\u1ee7a ch\u00fang t\u00f4i \u0111\u1ea1i di\u1ec7n cho s\u1ef1 t\u1ed1i gi\u1ea3n nh\u01b0ng ch\u1ea5t l\u01b0\u1ee3ng, t\u1eadp trung v\u00e0o nh\u1eefng gi\u00e1 tr\u1ecb c\u1ed1t l\u00f5i thay v\u00ec ph\u1ee9c t\u1ea1p h\u00f3a s\u1ea3n ph\u1ea9m. M\u1ed7i h\u0169 s\u1eefa chua Hy L\u1ea1p l\u00e0 s\u1ef1 k\u1ebft tinh c\u1ee7a nguy\u00ean li\u1ec7u t\u1ef1 nhi\u00ean thu\u1ea7n khi\u1ebft, gi\u00e1 tr\u1ecb dinh d\u01b0\u1ee1ng th\u1ef1c [&#8230;]\n","protected":false},"author":1,"featured_media":0,"parent":0,"menu_order":0,"comment_status":"closed","ping_status":"closed","template":"","meta":{"footnotes":""},"class_list":["post-31","page","type-page","status-publish","hentry"],"_links":{"self":[{"href":"https:\/\/progreek.io.vn\/index.php\/wp-json\/wp\/v2\/pages\/31","targetHints":{"allow":["GET"]}}],"collection":[{"href":"https:\/\/progreek.io.vn\/index.php\/wp-json\/wp\/v2\/pages"}],"about":[{"href":"https:\/\/progreek.io.vn\/index.php\/wp-json\/wp\/v2\/types\/page"}],"author":[{"embeddable":true,"href":"https:\/\/progreek.io.vn\/index.php\/wp-json\/wp\/v2\/users\/1"}],"replies":[{"embeddable":true,"href":"https:\/\/progreek.io.vn\/index.php\/wp-json\/wp\/v2\/comments?post=31"}],"version-history":[{"count":17,"href":"https:\/\/progreek.io.vn\/index.php\/wp-json\/wp\/v2\/pages\/31\/revisions"}],"predecessor-version":[{"id":416,"href":"https:\/\/progreek.io.vn\/index.php\/wp-json\/wp\/v2\/pages\/31\/revisions\/416"}],"wp:attachment":[{"href":"https:\/\/progreek.io.vn\/index.php\/wp-json\/wp\/v2\/media?parent=31"}],"curies":[{"name":"wp","href":"https:\/\/api.w.org\/{rel}","templated":true}]}}