{"id":30,"date":"2025-12-05T03:08:32","date_gmt":"2025-12-05T03:08:32","guid":{"rendered":"http:\/\/progreek.io.vn\/?page_id=30"},"modified":"2025-12-24T09:21:35","modified_gmt":"2025-12-24T09:21:35","slug":"portofolio","status":"publish","type":"page","link":"https:\/\/progreek.io.vn\/index.php\/portofolio\/","title":{"rendered":"S\u1ea3n ph\u1ea9m"},"content":{"rendered":"\n<p>ProGreek ra \u0111\u1eddi v\u1edbi mong mu\u1ed1n mang \u0111\u1ebfn m\u1ed9t l\u1ef1a ch\u1ecdn s\u1eefa chua t\u1ed1t cho s\u1ee9c kh\u1ecfe nh\u01b0ng v\u1eabn gi\u1eef \u0111\u01b0\u1ee3c h\u01b0\u01a1ng v\u1ecb th\u01a1m ngon, b\u00e9o ng\u1eady. Ch\u00fang t\u00f4i s\u1eed d\u1ee5ng ngu\u1ed3n nguy\u00ean li\u1ec7u \u0111\u01b0\u1ee3c ch\u1ecdn l\u1ecdc k\u1ef9, quy tr\u00ecnh s\u1ea3n xu\u1ea5t chu\u1ea9n s\u1ea1ch, n\u00f3i kh\u00f4ng v\u1edbi b\u1ea3o qu\u1ea3n \u0111\u1ed9c h\u1ea1i, \u0111\u1ec3 m\u1ed7i h\u0169 s\u1eefa chua \u0111\u1ebfn tay b\u1ea1n \u0111\u1ec1u t\u01b0\u01a1i ngon v\u00e0 an to\u00e0n.<\/p>\n\n\n\n<div class=\"wp-block-cover alignfull\" style=\"min-height:600px;aspect-ratio:unset;\"><span aria-hidden=\"true\" class=\"wp-block-cover__background has-nv-light-bg-background-color has-background-dim-100 has-background-dim\"><\/span><div class=\"wp-block-cover__inner-container is-layout-flow wp-block-cover-is-layout-flow\">\n<div class=\"wp-block-group is-layout-flow wp-block-group-is-layout-flow\">\n<div style=\"height:80px\" aria-hidden=\"true\" class=\"wp-block-spacer\"><\/div>\n\n\n\n<div class=\"wp-block-columns are-vertically-aligned-center is-layout-flex wp-container-core-columns-is-layout-9d6595d7 wp-block-columns-is-layout-flex\">\n<div class=\"wp-block-column is-vertically-aligned-center is-layout-flow wp-block-column-is-layout-flow\" style=\"padding-right:var(--wp--preset--spacing--30);padding-left:var(--wp--preset--spacing--30);flex-basis:50%\">\n<figure class=\"wp-block-image size-full is-resized has-custom-border\"><img loading=\"lazy\" decoding=\"async\" width=\"640\" height=\"427\" src=\"http:\/\/progreek.io.vn\/wp-content\/uploads\/2025\/11\/sua-chua-1-16837929569561592834628-1.webp\" alt=\"\" class=\"wp-image-14\" style=\"border-radius:24px;aspect-ratio:1.4988695820683418;width:277px;height:auto\" srcset=\"https:\/\/progreek.io.vn\/wp-content\/uploads\/2025\/11\/sua-chua-1-16837929569561592834628-1.webp 640w, https:\/\/progreek.io.vn\/wp-content\/uploads\/2025\/11\/sua-chua-1-16837929569561592834628-1-600x400.webp 600w, https:\/\/progreek.io.vn\/wp-content\/uploads\/2025\/11\/sua-chua-1-16837929569561592834628-1-300x200.webp 300w\" sizes=\"auto, (max-width: 640px) 100vw, 640px\" \/><\/figure>\n\n\n\n<div style=\"height:24px\" aria-hidden=\"true\" class=\"wp-block-spacer\"><\/div>\n\n\n\n<h3 class=\"wp-block-heading has-text-align-left has-neve-text-color-color has-text-color\">ProGreek Regular \u2013 B\u1ea3n g\u1ed1c \u0111\u1eadm v\u1ecb<\/h3>\n\n\n\n<p class=\"has-text-align-left has-neve-text-color-color has-text-color\">S\u1eefa chua Hy L\u1ea1p \u0111\u1eb7c m\u1ecbn, b\u00e9o nh\u1eb9, d\u1ec5 \u0103n, h\u1ee3p v\u1edbi m\u1ecdi th\u00e0nh vi\u00ean trong gia \u0111\u00ecnh.<\/p>\n\n\n\n<div class=\"wp-block-buttons has-custom-font-size has-small-font-size is-content-justification-left is-layout-flex wp-container-core-buttons-is-layout-fdcfc74e wp-block-buttons-is-layout-flex\">\n<div class=\"wp-block-button is-style-default\"><a class=\"wp-block-button__link has-nv-text-dark-bg-color has-neve-link-color-background-color has-text-color has-background has-link-color has-custom-font-size wp-element-button\" href=\"http:\/\/progreek.io.vn\/?post_type=product&amp;p=183&amp;preview=true\" style=\"font-size:16px\">Mua ngay<\/a><\/div>\n<\/div>\n\n\n\n<div style=\"height:40px\" aria-hidden=\"true\" class=\"wp-block-spacer\"><\/div>\n<\/div>\n\n\n\n<div class=\"wp-block-column is-vertically-aligned-center is-layout-flow wp-block-column-is-layout-flow\" style=\"padding-right:var(--wp--preset--spacing--30);padding-left:var(--wp--preset--spacing--30);flex-basis:50%\">\n<figure class=\"wp-block-image aligncenter size-full is-resized has-custom-border\"><img loading=\"lazy\" decoding=\"async\" width=\"281\" height=\"179\" src=\"http:\/\/progreek.io.vn\/wp-content\/uploads\/2025\/12\/download-1.jpg\" alt=\"\" class=\"wp-image-73\" style=\"border-radius:24px;width:297px;height:auto\"\/><\/figure>\n\n\n\n<h3 class=\"wp-block-heading has-text-align-left has-neve-text-color-color has-text-color\">ProGreek Low Sugar \u2013 \u00cdt \u0111\u01b0\u1eddng t\u1ed1t d\u00e1ng<\/h3>\n\n\n\n<p class=\"has-text-align-left has-neve-text-color-color has-text-color\">Gi\u1eef nguy\u00ean \u0111\u1ed9 ngon nh\u01b0ng gi\u1ea3m l\u01b0\u1ee3ng \u0111\u01b0\u1eddng, ph\u00f9 h\u1ee3p cho ng\u01b0\u1eddi \u0103n ki\u00eang v\u00e0 ng\u01b0\u1eddi b\u1eadn r\u1ed9n mu\u1ed1n gi\u1eef v\u00f3c d\u00e1ng.<\/p>\n\n\n\n<div class=\"wp-block-buttons has-custom-font-size has-small-font-size is-content-justification-left is-layout-flex wp-container-core-buttons-is-layout-fdcfc74e wp-block-buttons-is-layout-flex\">\n<div class=\"wp-block-button is-style-default\"><a class=\"wp-block-button__link has-nv-text-dark-bg-color has-neve-link-color-background-color has-text-color has-background has-link-color has-custom-font-size wp-element-button\" href=\"http:\/\/progreek.io.vn\/index.php\/san-pham\/progreek-yogurt-nguyen-ban-2\/\" style=\"font-size:16px\">Mua ngay<\/a><\/div>\n<\/div>\n\n\n\n<div style=\"height:40px\" aria-hidden=\"true\" class=\"wp-block-spacer\"><\/div>\n<\/div>\n\n\n\n<div class=\"wp-block-column is-vertically-aligned-center is-layout-flow wp-block-column-is-layout-flow\" style=\"padding-right:var(--wp--preset--spacing--30);padding-left:var(--wp--preset--spacing--30);flex-basis:50%\">\n<figure class=\"wp-block-image size-full has-custom-border\"><img loading=\"lazy\" decoding=\"async\" width=\"1200\" height=\"628\" src=\"http:\/\/progreek.io.vn\/wp-content\/uploads\/2025\/11\/cach-lam-sua-chua-hy-lap-thumb-1200x628-1.jpg\" alt=\"\" class=\"wp-image-13\" style=\"border-radius:24px\" srcset=\"https:\/\/progreek.io.vn\/wp-content\/uploads\/2025\/11\/cach-lam-sua-chua-hy-lap-thumb-1200x628-1.jpg 1200w, https:\/\/progreek.io.vn\/wp-content\/uploads\/2025\/11\/cach-lam-sua-chua-hy-lap-thumb-1200x628-1-600x314.jpg 600w, https:\/\/progreek.io.vn\/wp-content\/uploads\/2025\/11\/cach-lam-sua-chua-hy-lap-thumb-1200x628-1-300x157.jpg 300w, https:\/\/progreek.io.vn\/wp-content\/uploads\/2025\/11\/cach-lam-sua-chua-hy-lap-thumb-1200x628-1-1024x536.jpg 1024w, https:\/\/progreek.io.vn\/wp-content\/uploads\/2025\/11\/cach-lam-sua-chua-hy-lap-thumb-1200x628-1-768x402.jpg 768w\" sizes=\"auto, (max-width: 1200px) 100vw, 1200px\" \/><\/figure>\n\n\n\n<div style=\"height:24px\" aria-hidden=\"true\" class=\"wp-block-spacer\"><\/div>\n\n\n\n<h3 class=\"wp-block-heading has-text-align-left has-neve-text-color-color has-text-color\">ProGreek No Sugar \u2013 Kh\u00f4ng \u0111\u01b0\u1eddng, kh\u00f4ng lo l\u1eafng<\/h3>\n\n\n\n<p class=\"has-text-align-left has-neve-text-color-color has-text-color\">D\u00e0nh cho ng\u01b0\u1eddi c\u1ea7n h\u1ea1n ch\u1ebf \u0111\u01b0\u1eddng, ng\u01b0\u1eddi \u0111ang trong ch\u1ebf \u0111\u1ed9 gi\u1ea3m c\u00e2n nghi\u00eam t\u00fac.<\/p>\n\n\n\n<div class=\"wp-block-buttons has-custom-font-size has-small-font-size is-content-justification-left is-layout-flex wp-container-core-buttons-is-layout-fdcfc74e wp-block-buttons-is-layout-flex\">\n<div class=\"wp-block-button is-style-default\"><a class=\"wp-block-button__link has-nv-text-dark-bg-color has-neve-link-color-background-color has-text-color has-background has-link-color has-custom-font-size wp-element-button\" href=\"http:\/\/progreek.io.vn\/index.php\/san-pham\/progreek-yogurt-nguyen-ban\/\" style=\"font-size:16px\">Mua ngay<\/a><\/div>\n<\/div>\n\n\n\n<div style=\"height:40px\" aria-hidden=\"true\" class=\"wp-block-spacer\"><\/div>\n<\/div>\n<\/div>\n\n\n\n<div style=\"height:40px\" aria-hidden=\"true\" class=\"wp-block-spacer\"><\/div>\n<\/div>\n<\/div><\/div>\n","protected":false},"excerpt":{"rendered":"<p>ProGreek ra \u0111\u1eddi v\u1edbi mong mu\u1ed1n mang \u0111\u1ebfn m\u1ed9t l\u1ef1a ch\u1ecdn s\u1eefa chua t\u1ed1t cho s\u1ee9c kh\u1ecfe nh\u01b0ng v\u1eabn gi\u1eef \u0111\u01b0\u1ee3c h\u01b0\u01a1ng v\u1ecb th\u01a1m ngon, b\u00e9o ng\u1eady. Ch\u00fang t\u00f4i s\u1eed d\u1ee5ng ngu\u1ed3n nguy\u00ean li\u1ec7u \u0111\u01b0\u1ee3c ch\u1ecdn l\u1ecdc k\u1ef9, quy tr\u00ecnh s\u1ea3n xu\u1ea5t chu\u1ea9n s\u1ea1ch, n\u00f3i kh\u00f4ng v\u1edbi b\u1ea3o qu\u1ea3n \u0111\u1ed9c h\u1ea1i, \u0111\u1ec3 m\u1ed7i h\u0169 s\u1eefa [&#8230;]\n","protected":false},"author":1,"featured_media":0,"parent":0,"menu_order":0,"comment_status":"closed","ping_status":"closed","template":"","meta":{"footnotes":""},"class_list":["post-30","page","type-page","status-publish","hentry"],"_links":{"self":[{"href":"https:\/\/progreek.io.vn\/index.php\/wp-json\/wp\/v2\/pages\/30","targetHints":{"allow":["GET"]}}],"collection":[{"href":"https:\/\/progreek.io.vn\/index.php\/wp-json\/wp\/v2\/pages"}],"about":[{"href":"https:\/\/progreek.io.vn\/index.php\/wp-json\/wp\/v2\/types\/page"}],"author":[{"embeddable":true,"href":"https:\/\/progreek.io.vn\/index.php\/wp-json\/wp\/v2\/users\/1"}],"replies":[{"embeddable":true,"href":"https:\/\/progreek.io.vn\/index.php\/wp-json\/wp\/v2\/comments?post=30"}],"version-history":[{"count":13,"href":"https:\/\/progreek.io.vn\/index.php\/wp-json\/wp\/v2\/pages\/30\/revisions"}],"predecessor-version":[{"id":424,"href":"https:\/\/progreek.io.vn\/index.php\/wp-json\/wp\/v2\/pages\/30\/revisions\/424"}],"wp:attachment":[{"href":"https:\/\/progreek.io.vn\/index.php\/wp-json\/wp\/v2\/media?parent=30"}],"curies":[{"name":"wp","href":"https:\/\/api.w.org\/{rel}","templated":true}]}}